 prime factors of b?
2, 17
What are the prime factors of ((-20090448)/(-54))/(-38)*3/(-2)?
2, 7, 1049
Suppose 2*m = -r + 38, -3*m - 5*r = m - 64. Let w = -16 + m. Suppose -2*a - o = -a - 81, w*a - 414 = 4*o. List the prime factors of a.
2, 41
Suppose -2*q + 3*y - 546 = 5*y, 0 = 5*q + y + 1365. Let p = q + 408. Suppose -5*d + 659 = -4*j, -5*j = -d - 20 + p. What are the prime factors of d?
3, 5
Suppose 0 = -4*u + 8*u + 4. Let f be (-10 - -12) + 16/u*6. List the prime factors of 4 + 4 + (0 - f).
2, 3, 17
Suppose -w - 3*s + 492 = 3*w, 0 = -2*w + 4*s + 268. Suppose 0 = r - w - 188. List the prime factors of r.
2, 157
Suppose 2*o - 7 - 19 = -4*z, 5*z = 4*o. Suppose 0 = o*f + b - 6590, -f + 975 = -b - 343. What are the prime factors of f?
2, 659
Suppose -254 = 79*k + 220. Suppose -290 = -2*r - 982. List the prime factors of r/(-4) + (-3)/k.
3, 29
Let g = 15683 + -1406. What are the prime factors of g?
3, 4759
Let w be (255 - -2)/(1/2). Let k = -248 + w. What are the prime factors of k?
2, 7, 19
Suppose 6*c - 224478 = 2*f, -78*f = -3*c - 80*f + 112221. List the prime factors of c.
11, 19, 179
Let t = 689 - 641. List the prime factors of (-126)/(-27)*(-2 + 5 + t).
2, 7, 17
Suppose 3*g - 136*l + 140*l = 76111, -3*g + 76121 = -l. List the prime factors of g.
25373
Let i(b) = -b**3 + 66*b**2 + 674*b + 45. What are the prime factors of i(73)?
2, 1493
Suppose 0 = 6*l + 44 - 8. Let x be l*((-36)/2 - 4). List the prime factors of (65/39)/(1/x).
2, 5, 11
Suppose -10 = -2*p - 11*r + 15*r, -3*p + r = -30. Suppose 0 = -2*s - 5*n + 251, -3*s + 44 = n - 313. Suppose 888 = p*c + s. What are the prime factors of c?
2, 5, 7
Let u(z) = -131 + 36*z**2 + 5*z**2 - z**2 + 46*z - 2*z**2 - z**3. List the prime factors of u(39).
2, 71
Let m(y) = -32*y**2 + 1312*y + 3. List the prime factors of m(36).
3, 17, 113
Suppose 447847 = 2*f + 27*f + 139925. What are the prime factors of f?
2, 5309
What are the prime factors of 3466*537/39 + (1 - (-90)/(-78))?
2, 3, 41, 97
Let y(t) = 9*t**2 + 3*t + 24. Let g(z) = -4*z**2 - 2*z - 12. Let x(s) = -7*g(s) - 3*y(s). What are the prime factors of x(-19)?
2, 139
Let r(o) = -361*o - 173. Let y be r(5). Let q = y + 2827. List the prime factors of q.
3, 283
Suppose 0 = -25*a + 528930 + 323620. What are the prime factors of a?
2, 17, 59
Suppose -31 + 7 = 4*p. List the prime factors of (p - -174) + (-1)/(-1)*2.
2, 5, 17
Suppose -3*d + 2 = 2*k, 4*d - k - 10 = -0*k. Let w = 3397 - 1983. What are the prime factors of w/49 - d/(-14)?
29
Let l be 260/(-45) - (114/27 + -4). List the prime factors of (8 + -98)*20/l.
2, 3, 5
Let q = 116 - 196. Let d = -80 - q. Suppose o - 2 = 0, d = -3*c + 2*c + 3*o + 95. List the prime factors of c.
101
Suppose 3*j + 4*g = 17, -2 + 8 = 3*g. Suppose 3*k = -n + 10, -k + 0*k + 4*n = 1. Suppose k*u - 846 = -j*u. What are the prime factors of u?
3, 47
Suppose -23 = -w + 5*o, 6*w - 4*o = 2*w + 60. Suppose -7*t - 8442 = -w*t. List the prime factors of t.
3, 7, 67
Let x(t) = t**2 + t + 9. Let l be x(5). Let n = 309 + l. Suppose 3*c + n = 6*c + 4*h, -5*h = 5*c - 585. List the prime factors of c.
2, 3, 5
Let v(l) be the second derivative of 13*l**3/6 - l**2/2 - 15*l. Let r be v(5). Suppose -r = 3*o - 7*o. List the prime factors of o.
2
Let u(a) = 27 - 44*a**2 + 51*a**2 - 4*a - 32*a. List the prime factors of u(11).
2, 239
Suppose -144229 + 356984 = 17*i. What are the prime factors of i?
5, 2503
Suppose -3*l = -2*l - 3. Let s(u) = 14 + 3*u**2 + l*u - 9 + 4*u. List the prime factors of s(-6).
71
Suppose 2*j = 4*a + 15508, 12473 = 3*j + 4*a - 10759. What are the prime factors of j?
2, 13, 149
Let r(j) = -48*j**3 + 3*j**2 - 2. Suppose -a - 1 = 3*c, -2*a + 1 = 4*c - 1. What are the prime factors of r(c)?
2, 197
Let g be (-1*(-6)/15)/(2/10). Let c = g - 4. What are the prime factors of (-5)/(-2) + c - 932/(-8)?
3, 13
Let l = 243 - 155. Suppose 0 = -k, -4*m - k - l = -28. Let z(s) = -3*s - 27. What are the prime factors of z(m)?
2, 3
Let d = 156 + -153. Let n(u) = 6*u**3 + 5*u**2 - 7*u - 6. List the prime factors of n(d).
2, 3, 5
Let k = -336 + 341. Let g(u) be the second derivative of 19*u**3/6 - 6*u**2 + 2*u. What are the prime factors of g(k)?
83
Let w = 8 - 3. Suppose 4*l = -z - 4*z - 18, 5*z + 20 = -w*l. List the prime factors of 39/(2*(-1)/z).
3, 13
Let h be ((-3)/(-2))/(18/(-48)). What are the prime factors of ((-1232)/(-21))/(h/(-12))?
2, 11
Suppose 6*q = 15*q - 144. Suppose 0 = -q*w + 11*w + 1010. List the prime factors of w.
2, 101
Suppose -21 = k - 8*k. Suppose 5*d - 3*j - 3971 = 0, k*d + 0*d - j - 2381 = 0. What are the prime factors of d?
13, 61
Let k(z) be the first derivative of -1/3*z**3 - 1 - 17/2*z**2 - 6*z. List the prime factors of k(-11).
2, 3, 5
Suppose 120 = -24*x + 20*x. Suppose -w = -5*n - 32, -2*w - 2*n = -58 - 6. Let l = w + x. What are the prime factors of l?
2
Let h(y) = 1077*y**2 + 48*y + 135. List the prime factors of h(-3).
2, 3, 269
Suppose 2*h + 4*q = 3*h - 3501, -2*h = -4*q - 6998. Suppose h = 16*x - 4247. What are the prime factors of x?
2, 11
Suppose u = -5*a + 1520 + 85, -2*u + 4*a = -3238. What are the prime factors of u?
5, 17, 19
What are the prime factors of 1110/(-4)*(102 + -114) + -4?
2, 1663
Suppose -5*z = -6*k + k + 1080, 4*z + 3*k + 899 = 0. Let v = z + 394. Let h = v - 58. List the prime factors of h.
5, 23
Let s = -19650 - -33159. What are the prime factors of s?
3, 19, 79
Let q(h) be the third derivative of -h**6/120 - 23*h**5/60 - 23*h**4/12 + h**3/3 + 74*h**2. List the prime factors of q(-22).
2, 5, 53
Let q(n) = 35051*n - 3299. List the prime factors of q(2).
11, 6073
Let w be -120*((-16)/80 + 3/(-5)). Let z = 251 - w. List the prime factors of z.
5, 31
Let p(c) = -7 - 3 - c**2 + 2*c + 23 - 11. Let h be p(2). Suppose 0 = -h*g - 14 + 18. What are the prime factors of g?
2
Let r(f) = 1130*f**2 - 21*f + 1. What are the prime factors of r(4)?
3, 7, 857
Suppose t = -5*a + 4*a + 3, -3 = -t - 2*a. Suppose -t*l + 3*n = -576, -2*l - 5*n + 183 + 208 = 0. List the prime factors of l.
193
Let k(y) = 2*y**3 - 3*y**2 - 6*y - 1. Let x be k(3). List the prime factors of x/(-3)*(-291 + 48).
2, 3
Let t = -156 + 284. Suppose 0 = -9*b + 7*b - t. Let x = -44 - b. What are the prime factors of x?
2, 5
Let s(a) = 4*a**3 - 2*a**2 + 7*a + 3. Let h be s(5). Let m = h - 264. Suppose 0 = 21*x - 23*x + m. List the prime factors of x.
2, 7
Suppose 0 = 4*u - 7 - 5, -2*g + 5*u + 155 = 0. Let a = g + -156. Let y = 18 - a. List the prime factors of y.
89
Let f = 1002 - -1284. Let t(w) = w**3 + 25*w**2 - 26*w + 1. Let j be t(-26). What are the prime factors of ((-2)/4 + j)/(9/f)?
127
Suppose 0 = 4*u - 42 + 10. Suppose u*s - 12 = 4. Suppose 4*a - a - s*t - 138 = 0, -a - 3*t = -57. List the prime factors of a.
2, 3
Let c = 57 + -15. Suppose -558 = -5*x + 3*s, 3*x - 380 = s - c. Let q = 183 - x. What are the prime factors of q?
3, 23
Suppose p - 426 = -3*d, -10*d - 710 = -15*d + p. Suppose d*v + 2685 = 147*v. What are the prime factors of v?
3, 179
Let u be (6/15)/(-6*10/(-49200)). Suppose 4*c - 5*f = c + u, -4*c + 5*f = -439. What are the prime factors of c?
3, 37
Suppose -4*s - 673 = -b, 3*b + 3*s = 4*s + 2019. Suppose -6*c = -899 - b. What are the prime factors of c?
2, 131
Suppose 3119 - 179 = 6*d. Suppose -i + d - 59 = 0. Suppose -4*h - 35 = -i. What are the prime factors of h?
3, 11
Suppose 10*f - 71279 + 30003 = 41254. List the prime factors of f.
3, 7, 131
Let g be 0 - ((-2)/2 - 1938). Suppose 2*x - g - 407 = 3*h, -2*x + h + 2338 = 0. List the prime factors of x.
3, 389
Let a(z) = z**2 - 16*z - 34. Let b be a(18). Let f(k) = 3*k**3 + k**b - 12*k**3 + 3 - 1 + 0 + 2*k. List the prime factors of f(-1).
2, 5
Let n = 75 - 73. Let u(s) = -2*s + 0*s**n + 5 + s**2 + 158*s**3 - 3 + 3*s**3. What are the prime factors of u(1)?
2, 3
Let h = -159 + 1048. Suppose h = 7*z - 0*z. Let a = -87 + z. List the prime factors of a.
2, 5
Suppose 2*m + 4*o = -o + 53, -3*m + 57 = 3*o. Let c be (m*(-4)/32)/((-1)/4). What are the prime factors of 29/3*21/c?
29
Let i(t) be the second derivative of 7*t**3/6 + 19*t**2/2 + t - 7. Let m(w) = w**2 - w - 10. Let g be m(5). List the prime factors of i(g).
89
Suppose -26 = 5*z + 404. Let g = z - -216. Let r = 186 - g. What are the prime factors of r?
2, 7
Suppose 16*b + 140115 - 471251 = 0. List